t y(j) = 2*j**2 - 1. Suppose 13 - 5 = 4*s. Give y(s).
7
Let i(o) = o**3 - o**2 - o. Let j = 5 - 8. Let n be ((0/2)/(-1))/j. Determine i(n).
0
Suppose 0 = -2*s + 3*l - 2*l + 38, -4*l - 16 = 0. Suppose -o - 3*q - 14 = 0, 2*o = 3*q - 0*q + s. Let h(m) = 5*m - 1. Give h(o).
4
Let t(g) = 4*g - 9. Let o(a) = 3*a - 8. Let s(d) = 5*o(d) - 4*t(d). Suppose -2*j = h + 7, 2*j - 6*j + 4*h = 20. What is s(j)?
0
Let s(i) = -i**2 + 5*i + 2. Suppose 3*k + 2*w = w + 13, w = k - 7. Calculate s(k).
2
Let y(f) = -f**3 - 4*f**2 + 6*f + 4. Suppose 0 = -4*b + v - 52, 2*v + v + 48 = -5*b. Suppose 0*u = 5*u - 35. Let s = b + u. Give y(s).
-1
Let g(r) be the second derivative of -r**4/12 + r**3/6 - r**2/2 + 2*r. Suppose 0 - 12 = -5*v + 3*a, 2*a + 8 = -4*v. Calculate g(v).
-1
Let d(t) = -4*t. Suppose -4*v + q = 0, v + 4*q = 3*v. Let c be -3*4/(-6)*-1. Let n be v - -2*c/2. Calculate d(n).
8
Let d(x) = -x - 2. Let t(a) = -a - 1. Let s(k) = 4*d(k) - 5*t(k). Determine s(-5).
-8
Let d(g) be the third derivative of g**4/12 - 4*g**3/3 - 8*g**2. What is d(6)?
4
Suppose -4*h - 24 = -m + 5*m, -3*h - 2*m - 19 = 0. Let n(p) = -p**2 - 8*p - 5. Let o be n(h). Let c(x) = 4 - 5*x**o + 2*x + 0 - x**3 + 2*x**3. Determine c(4).
-4
Let a = -5 + 11. Suppose 5*j = a*j. Let x(p) = -p - 8. Calculate x(j).
-8
Let c(f) = -f**2 + f + 1. Let y(q) = q**3 - 6*q**2 + 3*q + 7. Let n be y(5). Let j(i) = -2*i**2 + 2*i. Let x(t) = n*c(t) + j(t). Determine x(-3).
9
Let n(a) be the third derivative of -8*a**2 + 0*a**3 + 0 + 0*a + 1/60*a**5 - 7/24*a**4. Calculate n(6).
-6
Let k(w) = 0*w - 4 + 3*w + 6 - 5*w. Calculate k(2).
-2
Let n(j) be the first derivative of -j**3/3 - 5*j**2/2 + 3*j - 3. Let q be n(-5). Let d(s) = s - 3. Calculate d(q).
0
Let v(t) be the second derivative of -t**4/12 - 7*t**3/6 - t**2/2 + 3*t. Give v(-6).
5
Let f(w) = 5*w**2 - 19*w - 5. Let v(y) = -2*y**2 + 9*y + 3. Let q(x) = 3*f(x) + 7*v(x). Calculate q(-4).
-2
Suppose -4*k = -0*k + 24. Let q = k + 0. Let d(i) = -i - 5. What is d(q)?
1
Let h = -95993/840 - -800/7. Let b(x) be the third derivative of 0*x + 5/24*x**4 + 0 + 3*x**2 + 1/60*x**5 - h*x**6 - 1/3*x**3. Determine b(3).
-5
Suppose 4*o - a - 8 - 5 = 0, -4*o + 19 = a. Suppose o + 8 = -2*u. Let i(v) = -v**3 - 6*v**2 + 1. Calculate i(u).
1
Let g(v) = -v**3 + 6*v**2 - 5*v + 1. Let w be g(5). Let z(y) be the first derivative of y**3 - y**2/2 - 1. Let d be z(w). Let q(k) = k**3 - 3*k + 2. Give q(d).
4
Let x(z) = z**3 - 2*z**2 + z - 3. Suppose 0 = -5*q + 3*q + 4. Let u be q*(45/6 - 3). Let p be (-6)/u - 22/(-6). Determine x(p).
9
Let t(i) = 6*i - 7. Let m(l) = l - 1. Let u(g) = g**2 - 7*g + 8. Let v be u(6). Let c be (v/(-1))/(0 - -1). Let q(y) = c*t(y) + 10*m(y). What is q(5)?
-6
Let m(y) be the first derivative of 1/3*y**3 + 2 - 2*y + y**2. Calculate m(-3).
1
Let o(m) = 3*m + 15. Let l be o(-6). Let a(v) = -4*v - 1. Let h be a(-1). Let t(w) = -3 - h + 4 - 3*w. Calculate t(l).
7
Suppose -5*z + 10 = -0*z. Let v(m) = 5 - z - m**2 - 2. Determine v(1).
0
Let j be (-24)/(-14) - 10/(-35). Suppose 3*v = -j + 17. Let m(q) = 2*q - 7. Give m(v).
3
Let r(c) be the second derivative of 7/6*c**3 + 1/2*c**2 + c + 0. What is r(-1)?
-6
Let s(n) = -n - 4. Suppose -2*u + 13 = -1. Suppose -u*j - 3*z - 1 = -2*j, 5*j - 3*z + 19 = 0. Let f be 6/(4/j + 0). Determine s(f).
-1
Let r be 6 + -1 + 0 + -3. Suppose -5*o + 4*b = -41, -r = -2*o + b + 12. Let j(g) = -g - 1. What is j(o)?
-6
Let a(g) = g**3 + 10*g**2 + 2*g + 5. Let j(i) = -2*i**3 - 19*i**2 - 5*i - 9. Let n(w) = 5*a(w) + 3*j(w). Determine n(-6).
-8
Let m be 1/2 - 17/(-2). Suppose 5*r - 48 = m*r. Let s(i) = -2*i - 18. Let b be s(r). Let w(k) = k**3 - 5*k**2 - 5*k + 2. Determine w(b).
8
Let b = 17 + -16. Let r(x) = 6*x. Determine r(b).
6
Let m(k) = -k**3 - 6*k**2 + 8*k + 5. Let u be m(-7). Let l(b) = 10*b - 104 + 102 - 13*b. Determine l(u).
4
Let s(x) = -2*x + 3. Let z(k) = -3*k + 7. Let v(j) = -5*s(j) + 3*z(j). Let b be v(-2). Let l(m) = m - 4. Give l(b).
0
Let g = 332 - 336. Let q(a) = a**3 + 4*a**2 + 5. Let v(h) = -2*h**3 - 8*h**2 - 10. Let n(f) = 9*q(f) + 4*v(f). Determine n(g).
5
Let z(x) = -x**3 - 4*x**2 - x + 1. Suppose 3*j - 4*s + 10 = -2*s, 0 = -5*j + 4*s - 16. Give z(j).
5
Suppose z = -f - 2, -2*f = 5*z - 3 + 4. Let s be z + -2*(-3 - -1). Suppose s*w - w + 12 = 0. Let m(t) = t**2 + t - 1. Give m(w).
5
Let j be (-1008)/(-140) + (0 - 1)/5. Let n(x) = -x + 5. Determine n(j).
-2
Let p(g) = -g**3 + 3*g**2 + 5*g + 3. Let s be p(4). Let b(z) = -z**2 + 7*z - 1. Calculate b(s).
-1
Let l be 2*((12/(-3))/(-8) - -1). Let f(j) = -j**3 + 4*j**2 - 5*j + 2. Give f(l).
-4
Let o be 1 + 0 - 9/3. Let t be (o/3)/(7/(-21)). Let s(h) = 2*h**2 - h**t + 1 - 7 + 4*h. Determine s(-5).
-1
Let n(c) = -c**3 - 8*c**2 - 3*c. Let x(h) = 2*h**3 + 17*h**2 + 5*h. Let v(m) = -5*n(m) - 2*x(m). Calculate v(-5).
0
Let t(y) be the third derivative of -y**7/840 + y**6/72 - y**5/40 - y**4/8 - 5*y**3/6 + 2*y**2. Let m(b) be the first derivative of t(b). Give m(4).
1
Suppose f + 8 = 6. Let g(k) = -k**2 - 2*k - 3. What is g(f)?
-3
Let w = 6 + -2. Suppose 0 = 5*a + w*z - 23, -9 = -4*z - 1. Let v(o) = 2 + 4*o**3 - 4*o**2 + 3*o - o**a - 2*o**3. Determine v(3).
2
Let s(w) = -3*w**2 - 4 + 5 + 2 + 0*w**2 - 2*w. Determine s(2).
-13
Suppose -2*s = s + 4*d + 12, -s = -2*d - 6. Let w(v) = -v**2 - 8. Give w(s).
-8
Let g(m) be the first derivative of -m**4/4 - 5*m**3/3 - 7*m**2/2 - 6*m - 1. Let p = -20 - -22. Suppose 0 = p*n + 3*n + 20. Determine g(n).
6
Suppose f - 12 = v, 4*f - 23 = -2*v + 7. Let a(j) = j - 2*j - f + 5 + 2. Let g(b) = -b**3 + 3*b**2 - b. Let k be g(2). Determine a(k).
-4
Let z(v) = v**3 + 4*v**2 - 4*v + 2. Let a be z(-5). Let t(s) = 6*s + 9. Let m(d) = -2*d - 3. Let h(k) = 7*m(k) + 2*t(k). What is h(a)?
3
Let c(z) be the second derivative of -z**4/12 + z**3/6 - 6*z**2 - 2*z + 17. Calculate c(0).
-12
Let x(w) be the third derivative of w**4/8 + w**3/3 + 29*w**2. Calculate x(-6).
-16
Let r(w) = 3*w**2 + 2 + 6*w**2 - 3*w**2 - 7*w**2 - w**3. Determine r(2).
-10
Let a be (-1)/(6/16) + (-18)/(-27). Let g(t) be the first derivative of -t**4/12 + t**3/3 - t**2/2 + 1. Let m(i) be the second derivative of g(i). What is m(a)?
6
Let l be (0 + 13)*2*1. Let w = l + -6. Let n be 12/10*w/6. Let x(t) = t - 4. Calculate x(n).
0
Let a(w) be the first derivative of -w**4/24 - 5*w**3/6 + w**2 + 1. Let p(g) be the second derivative of a(g). Determine p(-4).
-1
Let b(u) = -u**3 + u**2 + 3*u - 1. Let f(w) = w - 4. Let y be f(6). Calculate b(y).
1
Let h(m) be the third derivative of -m**6/120 + 7*m**5/60 - 5*m**4/24 - m**3/2 + m**2 - 18*m. Give h(6).
3
Let i = -50 + 45. Let l(n) = 3*n - 1. What is l(i)?
-16
Let m(x) = x**2 + x + 1. Let o be 8/20*5*-1. Calculate m(o).
3
Let w = -4 - -7. Suppose 2*r - 12 = 2*a, -5*a = w*r - 8 - 10. Suppose 2*h - 8 = -4*y, 0 = y - r*y - 5*h + 20. Let l(s) = s**2 + 7. Calculate l(y).
7
Let n(b) = b**2 - 2. Let g(l) = l**2 + 2*l - 4. Let i be g(-3). Let s(p) = -p - 1. Let w(x) = i*n(x) + 5*s(x). Let f be -2 - (2 + (4 - 6)). Give w(f).
3
Let f = 6 + -10. Let l(i) = -i**3 - 3*i**2 + 5*i + 2. Determine l(f).
-2
Let i(y) = -y**2 + 3*y + 23. Let t be i(7). Let b(v) = -v**3 - 5*v**2 + 4. Give b(t).
4
Let f(r) = r**3 - 4*r**2 + 3*r - 3. Suppose -6*n + 0*n + 18 = 0. What is f(n)?
-3
Let t(q) = 4*q. Let x(s) = 2*s - 1. Let m(f) = -3*t(f) + 4*x(f). Calculate m(-3).
8
Let f(l) = -6*l + 3. Let o(n) = -n**2 + 14*n - 16. Let p be o(13). Calculate f(p).
21
Let c(r) = -14*r**3 - r**2 + r + 4. Let l = 2 - 0. Let p(j) = -2*j + 3*j**3 - 1 + 24*j**3 - 6 + 2*j**l. Let y(b) = 5*c(b) + 3*p(b). Determine y(-1).
-10
Let c(b) = -b**2 + 2*b + 5. Let a(z) = z**2 + 4*z - 5. Let h be a(-4). Let d = 10 + h. Give c(d).
-10
Let k be 2*(-3 + (2 - -2)). Let s(t) be the first derivative of 5*t**2/2 - 3*t + 3. Calculate s(k).
7
Let j(i) = -7*i - 1. Let w(m) be the third derivative of -1/60*m**5 - m**2 + 0 + 1/6*m**4 + 0*m + 2/3*m**3. Let v be w(5). Give j(v).
6
Let h(n) = -n**3 - 3*n**2 + 2*n - 4. Suppose -9*j = -5*j + 16. Determine h(j).
4
Let z(b) = -b**3 - 6*b**2. Let p(c) = 2 + 1 + 2*c + 1. Let t(u) = u**2 - 13*u + 7. Let a be t(12). Let m be p(a). Calculate z(m).
0
Let x(g) = -g**3 + 7*g**2 - 6. Let a(k) = k**3 - 7*k**2 + 6. Let f(q) = 4*a(q) + 5*x(q). Calculate f(7).
-6
Let i(o) = o**3 + 5*o**2 + 4*o + 4. L